{"id":261,"date":"2019-05-16T15:43:20","date_gmt":"2019-05-16T13:43:20","guid":{"rendered":"http:\/\/geneafrancobelge.eu\/?page_id=261"},"modified":"2023-12-28T16:57:53","modified_gmt":"2023-12-28T15:57:53","slug":"nos-bases","status":"publish","type":"page","link":"https:\/\/geneafrancobelge.eu\/index.php\/nos-bases\/","title":{"rendered":"Nos bases"},"content":{"rendered":"\n<h2 class=\"wp-block-heading has-vivid-red-color has-text-color\">Fichier d\u00e9c\u00e8s (Insee)<\/h2>\n\n\n<div class=\"wp-block-image\">\n<figure class=\"alignleft size-large is-resized\"><img loading=\"lazy\" decoding=\"async\" width=\"1024\" height=\"685\" src=\"http:\/\/geneafrancobelge.eu\/wp-content\/uploads\/2019\/12\/Le-Croisic2-1024x685.jpg\" alt=\"\" class=\"wp-image-509\" style=\"width:199px;height:132px\" srcset=\"https:\/\/geneafrancobelge.eu\/wp-content\/uploads\/2019\/12\/Le-Croisic2-1024x685.jpg 1024w, https:\/\/geneafrancobelge.eu\/wp-content\/uploads\/2019\/12\/Le-Croisic2-600x402.jpg 600w, https:\/\/geneafrancobelge.eu\/wp-content\/uploads\/2019\/12\/Le-Croisic2-300x201.jpg 300w, https:\/\/geneafrancobelge.eu\/wp-content\/uploads\/2019\/12\/Le-Croisic2-768x514.jpg 768w, https:\/\/geneafrancobelge.eu\/wp-content\/uploads\/2019\/12\/Le-Croisic2-1536x1028.jpg 1536w, https:\/\/geneafrancobelge.eu\/wp-content\/uploads\/2019\/12\/Le-Croisic2-2048x1371.jpg 2048w\" sizes=\"auto, (max-width: 1024px) 100vw, 1024px\" \/><\/figure>\n<\/div>\n\n\n<p>Fichier d\u00e9c\u00e8s (Insee) Ce sont les <strong>d\u00e9c\u00e8s<\/strong> dont l&rsquo;<strong>Insee<\/strong> a eu connaissance. L&rsquo;<strong>Insee<\/strong> ne peut garantir que la liste des personnes d\u00e9c\u00e9d\u00e9es soit exempt d&rsquo;omissions ou d&rsquo;erreurs. Au total plus de 24 millions de <strong>d\u00e9c\u00e8s<\/strong>. Seuls les individus de plus de 18 ans au moment du <strong>d\u00e9c\u00e8s<\/strong> sont accessibles.<\/p>\n\n\n\n<p><a href=\"https:\/\/fichier-insee-deces.geneafrancobelge.eu\/\">https:\/\/fichier-insee-deces.geneafrancobelge.eu\/<\/a><\/p>\n\n\n\n<hr class=\"wp-block-separator has-css-opacity\"\/>\n\n\n\n<h2 class=\"wp-block-heading has-vivid-red-color has-text-color\">Combien de personnes portent votre nom en Europe ? <\/h2>\n\n\n<div class=\"wp-block-image\">\n<figure class=\"alignleft size-large is-resized\"><img loading=\"lazy\" decoding=\"async\" width=\"881\" height=\"226\" src=\"http:\/\/geneafrancobelge.eu\/wp-content\/uploads\/2020\/03\/nomsdefamillefrance.jpg\" alt=\"\" class=\"wp-image-590\" style=\"width:250px;height:64px\" srcset=\"https:\/\/geneafrancobelge.eu\/wp-content\/uploads\/2020\/03\/nomsdefamillefrance.jpg 881w, https:\/\/geneafrancobelge.eu\/wp-content\/uploads\/2020\/03\/nomsdefamillefrance-600x154.jpg 600w, https:\/\/geneafrancobelge.eu\/wp-content\/uploads\/2020\/03\/nomsdefamillefrance-300x77.jpg 300w, https:\/\/geneafrancobelge.eu\/wp-content\/uploads\/2020\/03\/nomsdefamillefrance-768x197.jpg 768w\" sizes=\"auto, (max-width: 881px) 100vw, 881px\" \/><\/figure>\n<\/div>\n\n\n<p>Vous \u00eates-vous d\u00e9j\u00e0 demand\u00e9 d&rsquo;o\u00f9 venait votre nom de famille ? Sa signification ? Qui \u00e0 part vous le porte dans le monde ? Gr\u00e2ce au site, nom-de-famille.geneafrancobelge.eu , ces questions ne resteront pas sans r\u00e9ponses. <\/p>\n\n\n\n<p><a href=\"http:\/\/nom-de-famille.geneafrancobelge.eu\/\">http:\/\/nom-de-famille.geneafrancobelge.eu\/<\/a><\/p>\n\n\n\n<hr class=\"wp-block-separator has-css-opacity\"\/>\n\n\n\n<h2 class=\"wp-block-heading has-vivid-red-color has-text-color\">Fichier des d\u00e9c\u00e8s en Belgique<\/h2>\n\n\n<div class=\"wp-block-image\">\n<figure class=\"alignleft size-large is-resized\"><img decoding=\"async\" src=\"http:\/\/geneafrancobelge.eu\/wp-content\/uploads\/2019\/12\/FairepartAbbeJosDelitte-815x1024.jpg\" alt=\"\" class=\"wp-image-522\" style=\"width:93px;height:117px\"\/><\/figure>\n<\/div>\n\n\n<p>Liste des personnes d\u00e9c\u00e9d\u00e9es \u00e0 partir des informations des souvenirs mortuaires, ou faire-part de d\u00e9c\u00e8s. Chaque fiche comprend le nom, le pr\u00e9nom, le lieu et la date de naissance, le lieu et la date de d\u00e9c\u00e8s. <\/p>\n\n\n\n<p><a href=\"https:\/\/www.fichier-deces-belgique.geneafrancobelge.eu\/\">https:\/\/www.fichier-deces-belgique.geneafrancobelge.eu\/<\/a><\/p>\n\n\n\n<hr class=\"wp-block-separator has-css-opacity\"\/>\n\n\n\n<h2 class=\"wp-block-heading has-vivid-red-color has-text-color\">Soldat mort pour la France en 14-18<\/h2>\n\n\n<div class=\"wp-block-image\">\n<figure class=\"alignleft size-large is-resized\"><img loading=\"lazy\" decoding=\"async\" width=\"1024\" height=\"490\" src=\"http:\/\/geneafrancobelge.eu\/wp-content\/uploads\/2020\/02\/guerre14-18-1024x490.jpg\" alt=\"\" class=\"wp-image-579\" style=\"width:288px;height:137px\" srcset=\"https:\/\/geneafrancobelge.eu\/wp-content\/uploads\/2020\/02\/guerre14-18-1024x490.jpg 1024w, https:\/\/geneafrancobelge.eu\/wp-content\/uploads\/2020\/02\/guerre14-18-600x287.jpg 600w, https:\/\/geneafrancobelge.eu\/wp-content\/uploads\/2020\/02\/guerre14-18-300x144.jpg 300w, https:\/\/geneafrancobelge.eu\/wp-content\/uploads\/2020\/02\/guerre14-18-768x367.jpg 768w, https:\/\/geneafrancobelge.eu\/wp-content\/uploads\/2020\/02\/guerre14-18.jpg 1200w\" sizes=\"auto, (max-width: 1024px) 100vw, 1024px\" \/><\/figure>\n<\/div>\n\n\n<p>Plus d&rsquo;un million de disparus, class\u00e9s par noms, pr\u00e9noms, date de d\u00e9c\u00e8s et d\u00e9partement sont ainsi accessibles sur <a href=\"http:\/\/guerre-14-18.geneafrancobelge.eu\/\">guerre-14-18.geneafrancobelge.eu<\/a>. Vous pouvez en savoir plus sur chacun des soldats pr\u00e9sents dans cette base en cliquant sur \u00ab&nbsp;<strong>Voir la fiche&nbsp;\u00bb<\/strong>.<\/p>\n\n\n\n<p><a href=\"http:\/\/guerre-14-18.geneafrancobelge.eu\/\">http:\/\/guerre-14-18.geneafrancobelge.eu\/<\/a><\/p>\n\n\n\n<hr class=\"wp-block-separator has-css-opacity\"\/>\n\n\n\n<h2 class=\"wp-block-heading has-vivid-red-color has-text-color\">Les Bateliers de France et de Belgique<\/h2>\n\n\n<div class=\"wp-block-image\">\n<figure class=\"alignleft size-large is-resized\"><img loading=\"lazy\" decoding=\"async\" width=\"886\" height=\"798\" src=\"http:\/\/geneafrancobelge.eu\/wp-content\/uploads\/2020\/04\/81350783_629254514493400_506499845335285760_n.png\" alt=\"\" class=\"wp-image-603\" style=\"width:247px;height:222px\" srcset=\"https:\/\/geneafrancobelge.eu\/wp-content\/uploads\/2020\/04\/81350783_629254514493400_506499845335285760_n.png 886w, https:\/\/geneafrancobelge.eu\/wp-content\/uploads\/2020\/04\/81350783_629254514493400_506499845335285760_n-600x540.png 600w, https:\/\/geneafrancobelge.eu\/wp-content\/uploads\/2020\/04\/81350783_629254514493400_506499845335285760_n-300x270.png 300w, https:\/\/geneafrancobelge.eu\/wp-content\/uploads\/2020\/04\/81350783_629254514493400_506499845335285760_n-768x692.png 768w\" sizes=\"auto, (max-width: 886px) 100vw, 886px\" \/><\/figure>\n<\/div>\n\n\n<p>Les Bateliers ne connaissent pas de fronti\u00e8res : Ils sillonnent toute l\u2019ann\u00e9e les fleuves, les rivi\u00e8res et les canaux de Belgique, de France, de Hollande, d\u2019Allemagne. Bien avant les routiers, ils sont chez eux \u00e0 Paris, \u00e0 Anvers, \u00e0 Rotterdam\u2026 Mais leur condition de vie a fort \u00e9volu\u00e9 depuis les voiliers en bois du d\u00e9but du 20e si\u00e8cle, aux palaces flottants de 3.500 tonnes qui se conduisent, \u00e0 20km \u00e0 l\u2019heure, avec l\u2019appui des ordinateurs. Cependant, les bateliers restent tous fid\u00e8les \u00e0 leur Saint Patron qui est Saint-Nicolas.<\/p>\n\n\n\n<p><a href=\"http:\/\/bateliers.geneafrancobelge.eu\/\">http:\/\/bateliers.geneafrancobelge.eu\/<\/a><\/p>\n\n\n\n<hr class=\"wp-block-separator has-css-opacity\"\/>\n\n\n\n<h2 class=\"wp-block-heading has-vivid-red-color has-text-color\">Base de donn\u00e9es de BMS<\/h2>\n\n\n<div class=\"wp-block-image\">\n<figure class=\"alignleft size-large is-resized\"><img loading=\"lazy\" decoding=\"async\" width=\"1008\" height=\"756\" src=\"http:\/\/geneafrancobelge.eu\/wp-content\/uploads\/2020\/01\/registre-tournai.jpg\" alt=\"\" class=\"wp-image-547\" style=\"width:90px;height:67px\" srcset=\"https:\/\/geneafrancobelge.eu\/wp-content\/uploads\/2020\/01\/registre-tournai.jpg 1008w, https:\/\/geneafrancobelge.eu\/wp-content\/uploads\/2020\/01\/registre-tournai-600x450.jpg 600w, https:\/\/geneafrancobelge.eu\/wp-content\/uploads\/2020\/01\/registre-tournai-300x225.jpg 300w, https:\/\/geneafrancobelge.eu\/wp-content\/uploads\/2020\/01\/registre-tournai-768x576.jpg 768w, https:\/\/geneafrancobelge.eu\/wp-content\/uploads\/2020\/01\/registre-tournai-285x214.jpg 285w\" sizes=\"auto, (max-width: 1008px) 100vw, 1008px\" \/><\/figure>\n<\/div>\n\n\n<p>Base de donn\u00e9es d&rsquo;actes d&rsquo;Etat-Civil de plus de 3 millions d&rsquo;actes de naissance, mariage et de d\u00e9c\u00e8s, 10 576 503 individus index\u00e9s.<\/p>\n\n\n\n<p><a href=\"http:\/\/genevoute.free.fr\/\">http:\/\/genevoute.free.fr\/<\/a><\/p>\n\n\n\n<hr class=\"wp-block-separator has-css-opacity\"\/>\n\n\n\n<h2 class=\"wp-block-heading has-vivid-red-color has-text-color\">base collaborative<\/h2>\n\n\n<div class=\"wp-block-image\">\n<figure class=\"alignleft size-large is-resized\"><img loading=\"lazy\" decoding=\"async\" width=\"1024\" height=\"662\" src=\"http:\/\/geneafrancobelge.eu\/wp-content\/uploads\/2019\/04\/cpa-photo-Saint-Etienne-Les-Orgues-Place-de-la-Fontaine-et-Bar-H\u00f4tel-Bouillot-1024x662.jpg\" alt=\"\" class=\"wp-image-37\" style=\"width:202px;height:130px\" srcset=\"https:\/\/geneafrancobelge.eu\/wp-content\/uploads\/2019\/04\/cpa-photo-Saint-Etienne-Les-Orgues-Place-de-la-Fontaine-et-Bar-H\u00f4tel-Bouillot-1024x662.jpg 1024w, https:\/\/geneafrancobelge.eu\/wp-content\/uploads\/2019\/04\/cpa-photo-Saint-Etienne-Les-Orgues-Place-de-la-Fontaine-et-Bar-H\u00f4tel-Bouillot-600x388.jpg 600w, https:\/\/geneafrancobelge.eu\/wp-content\/uploads\/2019\/04\/cpa-photo-Saint-Etienne-Les-Orgues-Place-de-la-Fontaine-et-Bar-H\u00f4tel-Bouillot-300x194.jpg 300w, https:\/\/geneafrancobelge.eu\/wp-content\/uploads\/2019\/04\/cpa-photo-Saint-Etienne-Les-Orgues-Place-de-la-Fontaine-et-Bar-H\u00f4tel-Bouillot-768x496.jpg 768w, https:\/\/geneafrancobelge.eu\/wp-content\/uploads\/2019\/04\/cpa-photo-Saint-Etienne-Les-Orgues-Place-de-la-Fontaine-et-Bar-H\u00f4tel-Bouillot.jpg 1461w\" sizes=\"auto, (max-width: 1024px) 100vw, 1024px\" \/><\/figure>\n<\/div>\n\n\n<p>Pour obtenir un droit de consultation int\u00e9gral, vous devez au pr\u00e9alable d\u00e9poser le gedcom de votre ascendance. (par r\u00e9ciprocit\u00e9 on ne peut consulter les donn\u00e9es r\u00e9centes des autres que si on a d\u00e9pos\u00e9 les siennes)<\/p>\n\n\n\n<p><a href=\"http:\/\/base-collaboratif.geneactes.be\">http:\/\/base-collaboratif.geneactes.be<\/a><\/p>\n\n\n\n<hr class=\"wp-block-separator has-css-opacity\"\/>\n\n\n\n<h2 class=\"wp-block-heading has-vivid-red-color has-text-color\">Les naturalisations en France de 1904 \u00e0 1961<\/h2>\n\n\n<div class=\"wp-block-image\">\n<figure class=\"alignleft size-large is-resized\"><img loading=\"lazy\" decoding=\"async\" width=\"757\" height=\"1024\" src=\"http:\/\/geneafrancobelge.eu\/wp-content\/uploads\/2019\/09\/Journal_officiel_de_la_R\u00e9publique_1-11-1927-757x1024.jpeg\" alt=\"\" class=\"wp-image-304\" style=\"width:80px;height:108px\" srcset=\"https:\/\/geneafrancobelge.eu\/wp-content\/uploads\/2019\/09\/Journal_officiel_de_la_R\u00e9publique_1-11-1927-757x1024.jpeg 757w, https:\/\/geneafrancobelge.eu\/wp-content\/uploads\/2019\/09\/Journal_officiel_de_la_R\u00e9publique_1-11-1927-scaled-600x811.jpeg 600w, https:\/\/geneafrancobelge.eu\/wp-content\/uploads\/2019\/09\/Journal_officiel_de_la_R\u00e9publique_1-11-1927-222x300.jpeg 222w, https:\/\/geneafrancobelge.eu\/wp-content\/uploads\/2019\/09\/Journal_officiel_de_la_R\u00e9publique_1-11-1927-768x1038.jpeg 768w, https:\/\/geneafrancobelge.eu\/wp-content\/uploads\/2019\/09\/Journal_officiel_de_la_R\u00e9publique_1-11-1927-scaled.jpeg 1893w\" sizes=\"auto, (max-width: 757px) 100vw, 757px\" \/><\/figure>\n<\/div>\n\n\n<p>Ce fichier contient les naturalisations, les r\u00e9int\u00e9grations et les admissions de 1904 \u00e0 1962. Il contient aussi la liste des enfants mineurs mentionn\u00e9s dans les actes dont leurs parents ont b\u00e9n\u00e9fici\u00e9s.<\/p>\n\n\n\n<p><a href=\"http:\/\/www.lavoute.org\/cgi\/naturalisation\/naturalisation.htm\"><\/a><a href=\"http:\/\/naturalisations.geneafrancobelge.eu\/\">Les naturalisations en France &#8211; G\u00e9n\u00e9aFrancoBelge (geneafrancobelge.eu)<\/a><\/p>\n\n\n\n<hr class=\"wp-block-separator has-css-opacity\"\/>\n\n\n\n<h2 class=\"wp-block-heading has-vivid-red-color has-text-color\">Les optants d\u2019Alsace-Lorraine de 1872<\/h2>\n\n\n<div class=\"wp-block-image\">\n<figure class=\"alignleft size-large is-resized\"><img loading=\"lazy\" decoding=\"async\" width=\"681\" height=\"1024\" src=\"http:\/\/geneafrancobelge.eu\/wp-content\/uploads\/2022\/03\/B543956101_P-FG-CP-00637_2fFfLP5-681x1024.jpg\" alt=\"\" class=\"wp-image-901\" style=\"width:115px;height:173px\" srcset=\"https:\/\/geneafrancobelge.eu\/wp-content\/uploads\/2022\/03\/B543956101_P-FG-CP-00637_2fFfLP5-681x1024.jpg 681w, https:\/\/geneafrancobelge.eu\/wp-content\/uploads\/2022\/03\/B543956101_P-FG-CP-00637_2fFfLP5-600x902.jpg 600w, https:\/\/geneafrancobelge.eu\/wp-content\/uploads\/2022\/03\/B543956101_P-FG-CP-00637_2fFfLP5-200x300.jpg 200w, https:\/\/geneafrancobelge.eu\/wp-content\/uploads\/2022\/03\/B543956101_P-FG-CP-00637_2fFfLP5-768x1154.jpg 768w, https:\/\/geneafrancobelge.eu\/wp-content\/uploads\/2022\/03\/B543956101_P-FG-CP-00637_2fFfLP5.jpg 945w\" sizes=\"auto, (max-width: 681px) 100vw, 681px\" \/><\/figure>\n<\/div>\n\n\n<p>Base de donn\u00e9es nominatif des<strong>&nbsp;alsaciens<\/strong>&nbsp;ou<strong>&nbsp;lorrains optants<\/strong>&nbsp;\u00e0 la nationalit\u00e9 fran\u00e7aise en<strong>&nbsp;1872<\/strong>. L&rsquo;Alsace-Lorraine, territoire c\u00e9d\u00e9 par la France \u00e0 l&rsquo;Allemagne au trait\u00e9 de Francfort (10 mai 1871), comprenait les d\u00e9partements du Bas-Rhin et du Haut-Rhin (sauf Belfort et ses environs), de la Moselle (sauf le bassin de Briey), ainsi qu&rsquo;une partie de l&rsquo;ancien d\u00e9partement de la Meurthe.<\/p>\n\n\n\n<p><a href=\"https:\/\/geneafrancobelge.eu\/optants-Alsace-Lorraine\/\">Les Optants d\u2019Alsace-Lorraine de 1872 (geneafrancobelge.eu)<\/a><\/p>\n\n\n\n<hr class=\"wp-block-separator has-css-opacity\"\/>\n\n\n\n<h2 class=\"wp-block-heading has-vivid-red-color has-text-color\">Les recensements de population en France<\/h2>\n\n\n<div class=\"wp-block-image\">\n<figure class=\"alignleft size-large is-resized\"><img loading=\"lazy\" decoding=\"async\" width=\"1024\" height=\"302\" src=\"http:\/\/geneafrancobelge.eu\/wp-content\/uploads\/2022\/09\/Rec-1906-1024x302.jpg\" alt=\"\" class=\"wp-image-980\" style=\"width:364px;height:107px\" srcset=\"https:\/\/geneafrancobelge.eu\/wp-content\/uploads\/2022\/09\/Rec-1906-1024x302.jpg 1024w, https:\/\/geneafrancobelge.eu\/wp-content\/uploads\/2022\/09\/Rec-1906-600x177.jpg 600w, https:\/\/geneafrancobelge.eu\/wp-content\/uploads\/2022\/09\/Rec-1906-300x88.jpg 300w, https:\/\/geneafrancobelge.eu\/wp-content\/uploads\/2022\/09\/Rec-1906-768x226.jpg 768w, https:\/\/geneafrancobelge.eu\/wp-content\/uploads\/2022\/09\/Rec-1906.jpg 1119w\" sizes=\"auto, (max-width: 1024px) 100vw, 1024px\" \/><\/figure>\n<\/div>\n\n\n<p>Malgr\u00e9 la succession des d\u00e9crets (11 avril 1793, 4 brumaire an IV), les recensements de l\u2019\u00e9poque r\u00e9volutionnaire et jusqu\u2019en 1831 restent tr\u00e8s lacunaires : ils ne donnent que les chiffres globaux de la population, ou ne concernent que les hommes et, en tout \u00e9tat de cause, sont organis\u00e9s au gr\u00e9 de chaque commune. La France a men\u00e9 un recensement national et standardis\u00e9 tous les cinq ans entre 1836 et 1936, sauf pour 1871 (retard\u00e9 d&rsquo;un an \u00e0 1872 en raison de la guerre franco-prussienne) et 1916 (non effectu\u00e9 en raison de la Premi\u00e8re Guerre mondiale). Les registres manuscrits de recensement (listes nominatives) de la population fran\u00e7aise sont une liste nominative de chaque habitant suivie d&rsquo;informations compl\u00e9mentaires sur l&rsquo;individu et d&rsquo;informations ult\u00e9rieures sur la famille et ses membres.<\/p>\n\n\n\n<p><a href=\"https:\/\/geneactes.fr\/les-recensements-en-france\/\">Les recensements de population en France | GENEAFRANCOBELGE (geneactes.fr)<\/a><\/p>\n\n\n\n<hr class=\"wp-block-separator has-css-opacity\"\/>\n\n\n\n<h2 class=\"wp-block-heading has-vivid-red-color has-text-color\">genea-italie.geneactes.com<\/h2>\n\n\n<div class=\"wp-block-image\">\n<figure class=\"alignleft size-large is-resized\"><img loading=\"lazy\" decoding=\"async\" width=\"1024\" height=\"146\" src=\"http:\/\/geneafrancobelge.eu\/wp-content\/uploads\/2023\/04\/communes-italie-1-1024x146.jpg\" alt=\"\" class=\"wp-image-1072\" style=\"width:374px;height:53px\" srcset=\"https:\/\/geneafrancobelge.eu\/wp-content\/uploads\/2023\/04\/communes-italie-1-1024x146.jpg 1024w, https:\/\/geneafrancobelge.eu\/wp-content\/uploads\/2023\/04\/communes-italie-1-600x86.jpg 600w, https:\/\/geneafrancobelge.eu\/wp-content\/uploads\/2023\/04\/communes-italie-1-300x43.jpg 300w, https:\/\/geneafrancobelge.eu\/wp-content\/uploads\/2023\/04\/communes-italie-1-768x110.jpg 768w, https:\/\/geneafrancobelge.eu\/wp-content\/uploads\/2023\/04\/communes-italie-1.jpg 1120w\" sizes=\"auto, (max-width: 1024px) 100vw, 1024px\" \/><\/figure>\n<\/div>\n\n\n<p>Acc\u00e9dez en une seule recherche \u00e0 plusieurs fonds, vous pouvez d\u00e9sormais interroger en une seule fois l&rsquo;ensemble des bases historiques. (7 bases de donn\u00e9es 29 175 fiches)<\/p>\n\n\n\n<p>Les bases concern\u00e9es sont les suivantes :<\/p>\n\n\n\n<ul class=\"wp-block-list\">\n<li>Naissances (2143 fiches)<\/li>\n\n\n\n<li>D\u00e9c\u00e8s (3085 fiches)<\/li>\n\n\n\n<li>Listes de passagers Italiens (400 fiches)<\/li>\n\n\n\n<li>Guerre 1915-1918 (3023 fiches)<\/li>\n\n\n\n<li>Naturalisation des Italiens en France (10619 fiches)<\/li>\n\n\n\n<li>Recensement des Italiens en France (9905 fiches)<\/li>\n\n\n\n<li>Liste des communes (7903 fiches)<\/li>\n<\/ul>\n\n\n\n<p><strong>Consultation &nbsp;gratuite<\/strong><\/p>\n\n\n\n<p><a href=\"http:\/\/www.genea-italie.geneactes.com\/\">Geneactes.com &#8211; G\u00e9n\u00e9alogie en Italie, rechercher ses anc\u00eatres italiens | Genea-Italie.geneactes.com<\/a><\/p>\n<div style=\"padding-bottom:20px; padding-top:10px;\" class=\"hupso-share-buttons\"><!-- Hupso Share Buttons - https:\/\/www.hupso.com\/share\/ --><a class=\"hupso_toolbar\" href=\"https:\/\/www.hupso.com\/share\/\"><img decoding=\"async\" src=\"https:\/\/static.hupso.com\/share\/buttons\/lang\/fr\/share-medium.png\" style=\"border:0px; padding-top: 5px; float:left;\" alt=\"Share Button\"\/><\/a><script type=\"text\/javascript\">var hupso_services_t=new Array(\"Twitter\",\"Facebook\",\"Pinterest\",\"Linkedin\",\"StumbleUpon\",\"Digg\",\"Reddit\",\"Bebo\",\"Delicious\");var hupso_background_t=\"#EAF4FF\";var hupso_border_t=\"#66CCFF\";var hupso_toolbar_size_t=\"medium\";var hupso_image_folder_url = \"\";var hupso_url_t=\"\";var hupso_title_t=\"Nos%20bases\";<\/script><script type=\"text\/javascript\" src=\"https:\/\/static.hupso.com\/share\/js\/share_toolbar.js\"><\/script><!-- Hupso Share Buttons --><\/div>","protected":false},"excerpt":{"rendered":"<p>Fichier d\u00e9c\u00e8s (Insee) Fichier d\u00e9c\u00e8s (Insee) Ce sont les d\u00e9c\u00e8s dont l&rsquo;Insee a eu connaissance. L&rsquo;Insee ne peut garantir que la liste des personnes d\u00e9c\u00e9d\u00e9es soit exempt d&rsquo;omissions ou d&rsquo;erreurs. Au total plus de 24 millions de d\u00e9c\u00e8s. Seuls les individus de plus de 18 ans au moment du d\u00e9c\u00e8s [&hellip;]<\/p>\n<div style=\"padding-bottom:20px; padding-top:10px;\" class=\"hupso-share-buttons\"><!-- Hupso Share Buttons - https:\/\/www.hupso.com\/share\/ --><a class=\"hupso_toolbar\" href=\"https:\/\/www.hupso.com\/share\/\"><img src=\"https:\/\/static.hupso.com\/share\/buttons\/lang\/fr\/share-medium.png\" style=\"border:0px; padding-top: 5px; float:left;\" alt=\"Share Button\"\/><\/a><script type=\"text\/javascript\">var hupso_services_t=new Array(\"Twitter\",\"Facebook\",\"Pinterest\",\"Linkedin\",\"StumbleUpon\",\"Digg\",\"Reddit\",\"Bebo\",\"Delicious\");var hupso_background_t=\"#EAF4FF\";var hupso_border_t=\"#66CCFF\";var hupso_toolbar_size_t=\"medium\";var hupso_image_folder_url = \"\";var hupso_url_t=\"\";var hupso_title_t=\"Nos%20bases\";<\/script><script type=\"text\/javascript\" src=\"https:\/\/static.hupso.com\/share\/js\/share_toolbar.js\"><\/script><!-- Hupso Share Buttons --><\/div>","protected":false},"author":2,"featured_media":154,"parent":0,"menu_order":0,"comment_status":"closed","ping_status":"closed","template":"","meta":{"footnotes":""},"class_list":["post-261","page","type-page","status-publish","has-post-thumbnail","hentry"],"_links":{"self":[{"href":"https:\/\/geneafrancobelge.eu\/index.php\/wp-json\/wp\/v2\/pages\/261","targetHints":{"allow":["GET"]}}],"collection":[{"href":"https:\/\/geneafrancobelge.eu\/index.php\/wp-json\/wp\/v2\/pages"}],"about":[{"href":"https:\/\/geneafrancobelge.eu\/index.php\/wp-json\/wp\/v2\/types\/page"}],"author":[{"embeddable":true,"href":"https:\/\/geneafrancobelge.eu\/index.php\/wp-json\/wp\/v2\/users\/2"}],"replies":[{"embeddable":true,"href":"https:\/\/geneafrancobelge.eu\/index.php\/wp-json\/wp\/v2\/comments?post=261"}],"version-history":[{"count":23,"href":"https:\/\/geneafrancobelge.eu\/index.php\/wp-json\/wp\/v2\/pages\/261\/revisions"}],"predecessor-version":[{"id":1232,"href":"https:\/\/geneafrancobelge.eu\/index.php\/wp-json\/wp\/v2\/pages\/261\/revisions\/1232"}],"wp:featuredmedia":[{"embeddable":true,"href":"https:\/\/geneafrancobelge.eu\/index.php\/wp-json\/wp\/v2\/media\/154"}],"wp:attachment":[{"href":"https:\/\/geneafrancobelge.eu\/index.php\/wp-json\/wp\/v2\/media?parent=261"}],"curies":[{"name":"wp","href":"https:\/\/api.w.org\/{rel}","templated":true}]}}