{"id":1222,"date":"2023-12-06T16:15:40","date_gmt":"2023-12-06T15:15:40","guid":{"rendered":"https:\/\/geneafrancobelge.eu\/?post_type=product&#038;p=1222"},"modified":"2024-09-02T23:52:54","modified_gmt":"2024-09-02T21:52:54","slug":"dictionnaire-genealogique-des-habitants-du-district-de-kain","status":"publish","type":"product","link":"https:\/\/geneafrancobelge.eu\/index.php\/produit\/dictionnaire-genealogique-des-habitants-du-district-de-kain\/","title":{"rendered":"Dictionnaire g\u00e9n\u00e9alogique des habitants du district de Kain"},"content":{"rendered":"<p>Kain est une localit\u00e9 essentiellement agricole b\u00e9n\u00e9ficiant d&rsquo;une excellente terre tirant probablement ses qualit\u00e9s des alluvions d\u00e9pos\u00e9s par l&rsquo;Escaut et du travail de ses agriculteurs qui en ont fait le renom. Les primeurs en provenance de ce village sont appr\u00e9ci\u00e9es dans la r\u00e9gion et m\u00eame au-del\u00e0 de nos fronti\u00e8res, ainsi voir sur un march\u00e9 les mentions \u00ab asperges \u00bb ou \u00abpommes de terre de Kain \u00bb sont pour les m\u00e9nag\u00e8res avis\u00e9es un label de qualit\u00e9. Au d\u00e9but du XIX\u00e8me si\u00e8cle, la production des asperges partait presque enti\u00e8rement dans la r\u00e9gion lilloise.<\/p>\n<p>Kain n&rsquo;est pas un village industriel, toutefois quelques entreprises y ont \u00e9t\u00e9 relev\u00e9es : deux brasseries, une distillerie et l&rsquo;un ou l&rsquo;autre moulin durant le XIX\u00e8me si\u00e8cle. Au si\u00e8cle dernier, on note, un chantier de construction navale, une fabrique de produits en ciment, une importante usine de confection de tapis  qui occupera jusqu&rsquo;\u00e0 250 personnes mais fermera ses portes dans les ann\u00e9es quatre-vingt, une fabrique de lingerie, une autre de dentelles fines, un d\u00e9partement des laboratoires Yves Rocher. (Sources histoire local)<\/p>\n<div style=\"padding-bottom:20px; padding-top:10px;\" class=\"hupso-share-buttons\"><!-- Hupso Share Buttons - https:\/\/www.hupso.com\/share\/ --><a class=\"hupso_toolbar\" href=\"https:\/\/www.hupso.com\/share\/\"><img decoding=\"async\" src=\"https:\/\/static.hupso.com\/share\/buttons\/lang\/fr\/share-medium.png\" style=\"border:0px; padding-top: 5px; float:left;\" alt=\"Share Button\"\/><\/a><script type=\"text\/javascript\">var hupso_services_t=new Array(\"Twitter\",\"Facebook\",\"Pinterest\",\"Linkedin\",\"StumbleUpon\",\"Digg\",\"Reddit\",\"Bebo\",\"Delicious\");var hupso_background_t=\"#EAF4FF\";var hupso_border_t=\"#66CCFF\";var hupso_toolbar_size_t=\"medium\";var hupso_image_folder_url = \"\";var hupso_url_t=\"\";var hupso_title_t=\"Dictionnaire%20g%C3%A9n%C3%A9alogique%20des%20habitants%20du%20district%20de%20Kain\";<\/script><script type=\"text\/javascript\" src=\"https:\/\/static.hupso.com\/share\/js\/share_toolbar.js\"><\/script><!-- Hupso Share Buttons --><\/div>","protected":false},"excerpt":{"rendered":"<p>Kain est une localit\u00e9 essentiellement agricole b\u00e9n\u00e9ficiant d&rsquo;une excellente terre tirant probablement ses qualit\u00e9s des alluvions d\u00e9pos\u00e9s par l&rsquo;Escaut et du travail de ses agriculteurs qui en ont fait le renom.<\/p>\n<div style=\"padding-bottom:20px; padding-top:10px;\" class=\"hupso-share-buttons\"><!-- Hupso Share Buttons - https:\/\/www.hupso.com\/share\/ --><a class=\"hupso_toolbar\" href=\"https:\/\/www.hupso.com\/share\/\"><img src=\"https:\/\/static.hupso.com\/share\/buttons\/lang\/fr\/share-medium.png\" style=\"border:0px; padding-top: 5px; float:left;\" alt=\"Share Button\"\/><\/a><script type=\"text\/javascript\">var hupso_services_t=new Array(\"Twitter\",\"Facebook\",\"Pinterest\",\"Linkedin\",\"StumbleUpon\",\"Digg\",\"Reddit\",\"Bebo\",\"Delicious\");var hupso_background_t=\"#EAF4FF\";var hupso_border_t=\"#66CCFF\";var hupso_toolbar_size_t=\"medium\";var hupso_image_folder_url = \"\";var hupso_url_t=\"\";var hupso_title_t=\"Dictionnaire%20g%C3%A9n%C3%A9alogique%20des%20habitants%20du%20district%20de%20Kain\";<\/script><script type=\"text\/javascript\" src=\"https:\/\/static.hupso.com\/share\/js\/share_toolbar.js\"><\/script><!-- Hupso Share Buttons --><\/div>","protected":false},"featured_media":1223,"comment_status":"open","ping_status":"closed","template":"","meta":[],"product_brand":[],"product_cat":[315],"product_tag":[321],"class_list":{"0":"post-1222","1":"product","2":"type-product","3":"status-publish","4":"has-post-thumbnail","6":"product_cat-reconstitutions-familiales","7":"product_tag-kain","9":"first","10":"instock","11":"shipping-taxable","12":"purchasable","13":"product-type-simple"},"_links":{"self":[{"href":"https:\/\/geneafrancobelge.eu\/index.php\/wp-json\/wp\/v2\/product\/1222","targetHints":{"allow":["GET"]}}],"collection":[{"href":"https:\/\/geneafrancobelge.eu\/index.php\/wp-json\/wp\/v2\/product"}],"about":[{"href":"https:\/\/geneafrancobelge.eu\/index.php\/wp-json\/wp\/v2\/types\/product"}],"replies":[{"embeddable":true,"href":"https:\/\/geneafrancobelge.eu\/index.php\/wp-json\/wp\/v2\/comments?post=1222"}],"wp:featuredmedia":[{"embeddable":true,"href":"https:\/\/geneafrancobelge.eu\/index.php\/wp-json\/wp\/v2\/media\/1223"}],"wp:attachment":[{"href":"https:\/\/geneafrancobelge.eu\/index.php\/wp-json\/wp\/v2\/media?parent=1222"}],"wp:term":[{"taxonomy":"product_brand","embeddable":true,"href":"https:\/\/geneafrancobelge.eu\/index.php\/wp-json\/wp\/v2\/product_brand?post=1222"},{"taxonomy":"product_cat","embeddable":true,"href":"https:\/\/geneafrancobelge.eu\/index.php\/wp-json\/wp\/v2\/product_cat?post=1222"},{"taxonomy":"product_tag","embeddable":true,"href":"https:\/\/geneafrancobelge.eu\/index.php\/wp-json\/wp\/v2\/product_tag?post=1222"}],"curies":[{"name":"wp","href":"https:\/\/api.w.org\/{rel}","templated":true}]}}