{"id":1235,"date":"2023-12-28T17:23:08","date_gmt":"2023-12-28T16:23:08","guid":{"rendered":"https:\/\/geneafrancobelge.eu\/?post_type=product&#038;p=1235"},"modified":"2024-11-05T13:04:07","modified_gmt":"2024-11-05T12:04:07","slug":"dictionnaire-genealogique-des-habitants-du-district-de-mont-saint-aubert","status":"publish","type":"product","link":"https:\/\/geneafrancobelge.eu\/index.php\/produit\/dictionnaire-genealogique-des-habitants-du-district-de-mont-saint-aubert\/","title":{"rendered":"Dictionnaire g\u00e9n\u00e9alogique des habitants du district de Mont Saint Aubert"},"content":{"rendered":"<p>Le Mont-Saint-Aubert est appel\u00e9 aussi Mont de la Trinit\u00e9 \u00e0 cause du p\u00e8lerinage connu depuis le XIV\u00e8me si\u00e8cle. La seigneurie principale de Mont-Saint-Aubert appartient, au XVIII\u00e8me si\u00e8cle, aux de Croy et aux de Hamal. Cependant, on y d\u00e9nombre une dizaine d&rsquo;autres seigneuries; signalons celles du Carnoy, de le Plancque, de Bourgies, qui est la propri\u00e9t\u00e9 du chapitre Notre-Dame de Tournai, de Cr\u00e8vecoeur, possession de l&rsquo;abbaye Saint-Martin de cette ville, de Dieffle, de Loymont, de Ruwez, de Bourdeaux-Maret, du Monchaux, de la Mouillerie, aux mains d&rsquo;Antoine de Ligne en1523, qui s&rsquo;\u00e9tend aussi sur Kain, et celle du hameau de Laignies qui se prolonge sur Mourcourt. On conna\u00eet \u00e9galement les fiefs de Rinval et de Ruel, tenus de la Cour f\u00e9odale de Leuze, et la ferme de Cambry, bien de l&rsquo;abbaye du Saulchoir jusqu&rsquo;\u00e0la R\u00e9volution fran\u00e7aise. Cette petite commune ne poss\u00e8de que 29 feux en 1406 et 37 en 1560. Sa superficie agricole n&rsquo;a pour ainsi dire pas chang\u00e9 de 1834 (767 ha) \u00e0 1959 (723 ha). Elle occupe 80% de la surface cadastrale (891 ha) et est principalement livr\u00e9e aux c\u00e9r\u00e9ales (333 ha en 1959) et aux prairies qui n&rsquo;ont cess\u00e9 de cro\u00eetre de 1895 \u00e0 1959 (195 ha cette derni\u00e8re ann\u00e9e) et dont l&rsquo;existence se justifie par la p\u00e2ture de nombreuses t\u00eates de b\u00e9tail (607 bovid\u00e9s en 1950). Mont-Saint-Aubert ne semble pas, depuis le si\u00e8cle pass\u00e9, avoir connu simultan\u00e9ment plus d&rsquo;une entreprise d&rsquo;au moins cinq personnes.<\/p>\n<p>\ufeff<\/p>\n<div style=\"padding-bottom:20px; padding-top:10px;\" class=\"hupso-share-buttons\"><!-- Hupso Share Buttons - https:\/\/www.hupso.com\/share\/ --><a class=\"hupso_toolbar\" href=\"https:\/\/www.hupso.com\/share\/\"><img decoding=\"async\" src=\"https:\/\/static.hupso.com\/share\/buttons\/lang\/fr\/share-medium.png\" style=\"border:0px; padding-top: 5px; float:left;\" alt=\"Share Button\"\/><\/a><script type=\"text\/javascript\">var hupso_services_t=new Array(\"Twitter\",\"Facebook\",\"Pinterest\",\"Linkedin\",\"StumbleUpon\",\"Digg\",\"Reddit\",\"Bebo\",\"Delicious\");var hupso_background_t=\"#EAF4FF\";var hupso_border_t=\"#66CCFF\";var hupso_toolbar_size_t=\"medium\";var hupso_image_folder_url = \"\";var hupso_url_t=\"\";var hupso_title_t=\"Dictionnaire%20g%C3%A9n%C3%A9alogique%20des%20habitants%20du%20district%20de%20Mont%20Saint%20Aubert\";<\/script><script type=\"text\/javascript\" src=\"https:\/\/static.hupso.com\/share\/js\/share_toolbar.js\"><\/script><!-- Hupso Share Buttons --><\/div>","protected":false},"excerpt":{"rendered":"<p>Le Mont-Saint-Aubert est appel\u00e9 aussi Mont de la Trinit\u00e9 \u00e0 cause du p\u00e8lerinage connu depuis le XIV\u00e8me si\u00e8cle. La seigneurie principale de Mont-Saint-Aubert appartient, au XVIII\u00e8me si\u00e8cle, aux de Croy et aux de Hamal. <\/p>\n<div style=\"padding-bottom:20px; padding-top:10px;\" class=\"hupso-share-buttons\"><!-- Hupso Share Buttons - https:\/\/www.hupso.com\/share\/ --><a class=\"hupso_toolbar\" href=\"https:\/\/www.hupso.com\/share\/\"><img src=\"https:\/\/static.hupso.com\/share\/buttons\/lang\/fr\/share-medium.png\" style=\"border:0px; padding-top: 5px; float:left;\" alt=\"Share Button\"\/><\/a><script type=\"text\/javascript\">var hupso_services_t=new Array(\"Twitter\",\"Facebook\",\"Pinterest\",\"Linkedin\",\"StumbleUpon\",\"Digg\",\"Reddit\",\"Bebo\",\"Delicious\");var hupso_background_t=\"#EAF4FF\";var hupso_border_t=\"#66CCFF\";var hupso_toolbar_size_t=\"medium\";var hupso_image_folder_url = \"\";var hupso_url_t=\"\";var hupso_title_t=\"Dictionnaire%20g%C3%A9n%C3%A9alogique%20des%20habitants%20du%20district%20de%20Mont%20Saint%20Aubert\";<\/script><script type=\"text\/javascript\" src=\"https:\/\/static.hupso.com\/share\/js\/share_toolbar.js\"><\/script><!-- Hupso Share Buttons --><\/div>","protected":false},"featured_media":1236,"comment_status":"open","ping_status":"closed","template":"","meta":[],"product_brand":[],"product_cat":[315],"product_tag":[311,326],"class_list":{"0":"post-1235","1":"product","2":"type-product","3":"status-publish","4":"has-post-thumbnail","6":"product_cat-reconstitutions-familiales","7":"product_tag-gerard-jeance","8":"product_tag-mont-saint-aubert","10":"first","11":"instock","12":"shipping-taxable","13":"purchasable","14":"product-type-simple"},"_links":{"self":[{"href":"https:\/\/geneafrancobelge.eu\/index.php\/wp-json\/wp\/v2\/product\/1235","targetHints":{"allow":["GET"]}}],"collection":[{"href":"https:\/\/geneafrancobelge.eu\/index.php\/wp-json\/wp\/v2\/product"}],"about":[{"href":"https:\/\/geneafrancobelge.eu\/index.php\/wp-json\/wp\/v2\/types\/product"}],"replies":[{"embeddable":true,"href":"https:\/\/geneafrancobelge.eu\/index.php\/wp-json\/wp\/v2\/comments?post=1235"}],"wp:featuredmedia":[{"embeddable":true,"href":"https:\/\/geneafrancobelge.eu\/index.php\/wp-json\/wp\/v2\/media\/1236"}],"wp:attachment":[{"href":"https:\/\/geneafrancobelge.eu\/index.php\/wp-json\/wp\/v2\/media?parent=1235"}],"wp:term":[{"taxonomy":"product_brand","embeddable":true,"href":"https:\/\/geneafrancobelge.eu\/index.php\/wp-json\/wp\/v2\/product_brand?post=1235"},{"taxonomy":"product_cat","embeddable":true,"href":"https:\/\/geneafrancobelge.eu\/index.php\/wp-json\/wp\/v2\/product_cat?post=1235"},{"taxonomy":"product_tag","embeddable":true,"href":"https:\/\/geneafrancobelge.eu\/index.php\/wp-json\/wp\/v2\/product_tag?post=1235"}],"curies":[{"name":"wp","href":"https:\/\/api.w.org\/{rel}","templated":true}]}}