{"id":1333,"date":"2025-01-24T11:33:03","date_gmt":"2025-01-24T10:33:03","guid":{"rendered":"https:\/\/geneafrancobelge.eu\/?post_type=product&#038;p=1333"},"modified":"2025-02-07T11:06:41","modified_gmt":"2025-02-07T10:06:41","slug":"le-centre","status":"publish","type":"product","link":"https:\/\/geneafrancobelge.eu\/index.php\/produit\/le-centre\/","title":{"rendered":"Le Centre"},"content":{"rendered":"<p>Dans le sillon houiller qui suit l&rsquo;axe Haine-Sambre-Meuse, le Centre forme, au coeur de la province de Hainaut, entre le Borinage puis Mons \u00e0 l&rsquo;ouest, et Charleroi \u00e0 l&rsquo;est, une r\u00e9gion aux contours flous, centr\u00e9e sur La Louvi\u00e8re. Les images, judicieusement s\u00e9lectionn\u00e9es par Jacques Li\u00e9bin, directeur de l&rsquo;Ecomus\u00e9e r\u00e9gional du Centre, nous offrent un large panorama de l&rsquo;histoire de cette r\u00e9gion \u00e0 la fois industrielle, urbaine mais aussi rurale recelant de nombreux tr\u00e9sors patrimoniaux. Sc\u00e8nes de labeur et de vie quotidienne d\u00e9filent sous nos yeux. La richesse du mouvement associatif, qu&rsquo;il soit politique, culturel, sportif ou musical, est illustr\u00e9e ici par de magnifiques documents, souvent in\u00e9dits. Tous ces souvenirs en images vous feront aimer cette r\u00e9gion du Centre qui a donn\u00e9 naissance \u00e0 \u201cdes femmes et des hommes durs dont la tendresse, per\u00e7ant par \u00e9clairs, a d&rsquo;autant plus de prix\u201d (Jean Louvet).<\/p>\n<div style=\"padding-bottom:20px; padding-top:10px;\" class=\"hupso-share-buttons\"><!-- Hupso Share Buttons - https:\/\/www.hupso.com\/share\/ --><a class=\"hupso_toolbar\" href=\"https:\/\/www.hupso.com\/share\/\"><img decoding=\"async\" src=\"https:\/\/static.hupso.com\/share\/buttons\/lang\/fr\/share-medium.png\" style=\"border:0px; padding-top: 5px; float:left;\" alt=\"Share Button\"\/><\/a><script type=\"text\/javascript\">var hupso_services_t=new Array(\"Twitter\",\"Facebook\",\"Pinterest\",\"Linkedin\",\"StumbleUpon\",\"Digg\",\"Reddit\",\"Bebo\",\"Delicious\");var hupso_background_t=\"#EAF4FF\";var hupso_border_t=\"#66CCFF\";var hupso_toolbar_size_t=\"medium\";var hupso_image_folder_url = \"\";var hupso_url_t=\"\";var hupso_title_t=\"Le%20Centre\";<\/script><script type=\"text\/javascript\" src=\"https:\/\/static.hupso.com\/share\/js\/share_toolbar.js\"><\/script><!-- Hupso Share Buttons --><\/div>","protected":false},"excerpt":{"rendered":"<p>Dans le sillon houiller qui suit l&rsquo;axe Haine-Sambre-Meuse, le Centre forme, au coeur de la province de Hainaut, entre le Borinage puis Mons \u00e0 l&rsquo;ouest, et Charleroi \u00e0 l&rsquo;est, une r\u00e9gion aux contours flous, centr\u00e9e sur La Louvi\u00e8re. Les images, judicieusement s\u00e9lectionn\u00e9es par Jacques Li\u00e9bin, directeur de l&rsquo;Ecomus\u00e9e r\u00e9gional du Centre.<\/p>\n<div style=\"padding-bottom:20px; padding-top:10px;\" class=\"hupso-share-buttons\"><!-- Hupso Share Buttons - https:\/\/www.hupso.com\/share\/ --><a class=\"hupso_toolbar\" href=\"https:\/\/www.hupso.com\/share\/\"><img src=\"https:\/\/static.hupso.com\/share\/buttons\/lang\/fr\/share-medium.png\" style=\"border:0px; padding-top: 5px; float:left;\" alt=\"Share Button\"\/><\/a><script type=\"text\/javascript\">var hupso_services_t=new Array(\"Twitter\",\"Facebook\",\"Pinterest\",\"Linkedin\",\"StumbleUpon\",\"Digg\",\"Reddit\",\"Bebo\",\"Delicious\");var hupso_background_t=\"#EAF4FF\";var hupso_border_t=\"#66CCFF\";var hupso_toolbar_size_t=\"medium\";var hupso_image_folder_url = \"\";var hupso_url_t=\"\";var hupso_title_t=\"Le%20Centre\";<\/script><script type=\"text\/javascript\" src=\"https:\/\/static.hupso.com\/share\/js\/share_toolbar.js\"><\/script><!-- Hupso Share Buttons --><\/div>","protected":false},"featured_media":1334,"comment_status":"open","ping_status":"closed","template":"","meta":[],"product_brand":[370],"product_cat":[363,296],"product_tag":[366,365],"class_list":{"0":"post-1333","1":"product","2":"type-product","3":"status-publish","4":"has-post-thumbnail","6":"product_brand-tempus","7":"product_cat-hainaut","8":"product_cat-regionalisme","9":"product_tag-hainaut","10":"product_tag-le-centre","12":"first","13":"instock","14":"shipping-taxable","15":"purchasable","16":"product-type-simple"},"_links":{"self":[{"href":"https:\/\/geneafrancobelge.eu\/index.php\/wp-json\/wp\/v2\/product\/1333","targetHints":{"allow":["GET"]}}],"collection":[{"href":"https:\/\/geneafrancobelge.eu\/index.php\/wp-json\/wp\/v2\/product"}],"about":[{"href":"https:\/\/geneafrancobelge.eu\/index.php\/wp-json\/wp\/v2\/types\/product"}],"replies":[{"embeddable":true,"href":"https:\/\/geneafrancobelge.eu\/index.php\/wp-json\/wp\/v2\/comments?post=1333"}],"wp:featuredmedia":[{"embeddable":true,"href":"https:\/\/geneafrancobelge.eu\/index.php\/wp-json\/wp\/v2\/media\/1334"}],"wp:attachment":[{"href":"https:\/\/geneafrancobelge.eu\/index.php\/wp-json\/wp\/v2\/media?parent=1333"}],"wp:term":[{"taxonomy":"product_brand","embeddable":true,"href":"https:\/\/geneafrancobelge.eu\/index.php\/wp-json\/wp\/v2\/product_brand?post=1333"},{"taxonomy":"product_cat","embeddable":true,"href":"https:\/\/geneafrancobelge.eu\/index.php\/wp-json\/wp\/v2\/product_cat?post=1333"},{"taxonomy":"product_tag","embeddable":true,"href":"https:\/\/geneafrancobelge.eu\/index.php\/wp-json\/wp\/v2\/product_tag?post=1333"}],"curies":[{"name":"wp","href":"https:\/\/api.w.org\/{rel}","templated":true}]}}